001101011000?
-1011001101100000
In base 11, what is -5 + 3a391?
3a387
In base 13, what is 7 - 1478?
-1471
In base 6, what is 100 + -250?
-150
In base 15, what is 5 - -2d95?
2d9a
In base 16, what is -2ae + 20f?
-9f
In base 15, what is -3 - -52d6?
52d3
In base 7, what is -245 + 1560?
1312
In base 13, what is 3 + -31c92?
-31c8c
In base 6, what is 504 - -13350?
14254
In base 2, what is -10 - -11101010101?
11101010011
In base 15, what is -dd + c9?
-14
In base 3, what is -12011000 - 112220?
-12200220
In base 14, what is -673b + -9?
-6746
In base 3, what is -212111020 - 2022?
-212120112
In base 3, what is 101202 + 222211?
1101120
In base 2, what is -1001011000 - -11110101010?
10101010010
In base 3, what is 100001210 - 10022?
22221111
In base 3, what is -1 - -222011222222?
222011222221
In base 2, what is 1110000100 + 100111?
1110101011
In base 11, what is 1 - 6022?
-6021
In base 2, what is 101 + 10000010000101?
10000010001010
In base 7, what is -45241044 + 0?
-45241044
In base 8, what is -626567 - 2?
-626571
In base 14, what is 0 - 290b18?
-290b18
In base 10, what is 165 - 597?
-432
In base 10, what is 79 - -55?
134
In base 7, what is 106115 - 113?
106002
In base 4, what is 322 + -1000111?
-333123
In base 16, what is 12e - -d4?
202
In base 3, what is 120200101 + 2?
120200110
In base 14, what is 0 + -20946?
-20946
In base 13, what is 604 - 1a?
5b7
In base 16, what is 5 + -7e04?
-7dff
In base 4, what is 120212 + -2303?
111303
In base 14, what is -32 - -c35c?
c32a
In base 16, what is -43 - -64e?
60b
In base 7, what is -16335 - -1?
-16334
In base 15, what is -3 - 4332?
-4335
In base 7, what is -301 - 1604?
-2205
In base 8, what is 2 + -400432?
-400430
In base 2, what is 0 + -101111100100?
-101111100100
In base 13, what is -2 - 6327?
-6329
In base 10, what is 5 - -562134?
562139
In base 16, what is -130cd - 4?
-130d1
In base 6, what is 4040 + -3042?
554
In base 12, what is 3 - -16777b?
167782
In base 5, what is 1 + 41434340?
41434341
In base 12, what is 13597a + -1?
135979
In base 12, what is -476 - 146a?
-1924
In base 3, what is 1002002000 + 12?
1002002012
In base 3, what is -22101 + 102202?
10101
In base 8, what is 5766 - 11?
5755
In base 14, what is 3c - -2948?
2986
In base 13, what is 732 - 1?
731
In base 7, what is -31040 + -144?
-31214
In base 8, what is 7 + -15004?
-14775
In base 15, what is 59b3d + 3?
59b41
In base 4, what is 30023312 + -3?
30023303
In base 3, what is 12 + 10211000?
10211012
In base 2, what is -11 + -111001011111011?
-111001011111110
In base 6, what is -1 + 11042?
11041
In base 5, what is -10122 - -10142?
20
In base 12, what is -991 - -2?
-98b
In base 15, what is -5419 + -3?
-541c
In base 2, what is -11100011 - -1011100?
-10000111
In base 11, what is -4a8188 - -2?
-4a8186
In base 8, what is 26324 - -4?
26330
In base 6, what is -531 - -25?
-502
In base 9, what is -142 + -2754?
-3006
In base 12, what is 1012 - -7?
1019
In base 15, what is 4936 + 7?
493d
In base 10, what is -36 + 250?
214
In base 8, what is -2 + 410735?
410733
In base 16, what is -1 + -ae?
-af
In base 3, what is 12 - -20120220?
20121002
In base 14, what is -1c - -c52?
c34
In base 8, what is 0 - -331160?
331160
In base 12, what is 16413 - -1?
16414
In base 6, what is 1053 - -111?
1204
In base 14, what is 44 - 3a1?
-35b
In base 10, what is -5 + 3382?
3377
In base 6, what is -221 - 234?
-455
In base 11, what is -5 - -19265?
19260
In base 13, what is 100 - -884?
984
In base 16, what is -5 + -5b06d?
-5b072
In base 11, what is 53 - -3557?
35aa
In base 13, what is -1ba72a - -2?
-1ba728
In base 12, what is -13680 + -2?
-13682
In base 12, what is -208 - 96?
-2a2
In base 2, what is 10 + -110010101101010?
-110010101101000
In base 4, what is -131 + -30301313?
-30302110
In base 11, what is -775 + -126?
-8a0
In base 7, what is -34 + -404131?
-404165
In base 2, what is -110010100010000 - -11?
-110010100001101
In base 15, what is 1 - -165e?
1660
In base 12, what is 820a5 + -2?
820a3
In base 8, what is -617 + 360?
-237
In base 13, what is b33 - 31?
b02
In base 13, what is -886 - -25?
-861
In base 2, what is -1011010 + 11001111?
1110101
In base 15, what is -5c1 - 11c?
-6dd
In base 8, what is 4 - 50441?
-50435
In base 5, what is -44 + -20002?
-20101
In base 8, what is -103423 - 12?
-103435
In base 2, what is -1101 - 10100001011?
-10100011000
In base 14, what is 1824 - 5bb?
1247
In base 6, what is 2 + 5051131?
5051133
In base 16, what is d - -55d8?
55e5
In base 12, what is -82a1b - -24?
-829b7
In base 14, what is 4a8 - -7c?
546
In base 13, what is -2ac227 - 0?
-2ac227
In base 8, what is -121 - 355?
-476
In base 13, what is 1 + 8048?
8049
In base 3, what is -1101 - -2011000002?
2010221201
In base 5, what is -23 + 4302?
4224
In base 15, what is 4 + be8c?
be91
In base 4, what is 10323231 + 11?
10323302
In base 16, what is 563 + 3?
566
In base 6, what is 154 - 30311?
-30113
In base 6, what is -1151 + -2324?
-3515
In base 11, what is -15 - -2442?
2428
In base 15, what is 25e2e - 4?
25e2a
In base 14, what is -34 + -a82?
-ab6
In base 11, what is -2110 - 35?
-2145
In base 4, what is -320 - 12320?
-13300
In base 11, what is 15 - 63699?
-63684
In base 3, what is 11 - -10100222021?
10100222102
In base 12, what is 4 - 67355?
-67351
In base 16, what is -20dc - 57?
-2133
In base 8, what is 12245 - -6?
12253
In base 15, what is 0 + 2166b?
2166b
In base 3, what is 1022 - 2210210?
-2202111
In base 3, what is -1200 + -12010220?
-12012120
In base 15, what is 3 - 7a43?
-7a40
In base 15, what is -200a2 - 0?
-200a2
In base 2, what is 110000100100100 - 0?
110000100100100
In base 10, what is -678942 - 5?
-678947
In base 3, what is -1 + -102120000220?
-102120000221
In base 4, what is 3 - 333210?
-333201
In base 3, what is -202022122 + 1?
-202022121
In base 11, what is -1 - 9124?
-9125
In base 4, what is -2 - 31210013?
-31210021
In base 15, what is 5 + 6aa1e?
6aa24
In base 6, what is 4312 - -1250?
10002
In base 12, what is -12a2 - -a27?
-477
In base 13, what is -1 + 166a9?
166a8
In base 14, what is 4 + -89181?
-8917b
In base 14, what is 11 + -c67d?
-c66c
In base 15, what is 24303 + -1?
24302
In base 5, what is 2 + -22040133?
-22040131
In base 8, what is 156134 + -5?
156127
In base 12, what is 12952 - 0?
12952
In base 16, what is 38b52f + -5?
38b52a
In base 7, what is -5 + -204262?
-204300
In base 12, what is -785 - -3865?
30a0
In base 10, what is 3 + -427984?
-427981
In base 15, what is -356 - -de?
-267
In base 13, what is 14a970 + -2?
14a96b
In base 4, what is -131130 - 201?
-131331
In base 12, what is -14 + a2?
8a
In base 14, what is -d - -18b3?
18a4
In base 13, what is 2 - 2c4c?
-2c4a
In base 11, what is 5643 - 18?
5626
In base 4, what is 32 + -1310303?
-1310211
In base 7, what is -25333 - -16?
-25314
In base 2, what is -10111100000001 - 11101000?
-10111111101001
In base 7, what is 225 + -363?
-135
In base 14, what is -45b36 + -27?
-45b5d
In base 10, what is -3116 - 4?
-3120
In base 9, what is 30371 - -1?
30372
In base 11, what is -24 + 12301?
12288
In base 15, what is -133 - -19a?
67
In base 13, what is -1c8 - 59a?
-795
In base 9, what is -4472 - 17?
-4500
In base 16, what is -139 + 158?
1f
In base 9, what is 100 - -760?
860
In base 9, what is -27510 - 68?
-27578
In base 7, what is -212242 - -1?
-212241
In base 11, what is a + -11025?
-11016
In base 15, what is 1086ac + 2?
1086ae
In base 15, what is -50 + -13c?
-18c
In base 13, what is -2 + -133cc?
-13401
In base 12, what is 5 - -353120?
353125
In base 5, what is 1440343 + 20?
1440413
In base 13, what is 2 + 2232c?
22331
In base 12, what is -14 + 18a1a?
18a06
In base 14, what is -23c68 + 3?
-23c65
In base 11, what is -8 + 6480?
6473
In base 14, what is 78a - -43?
7cd
In base 11, what is 1 + 88915?
88916
In base 16, what is 0 + 769c5?
769c5
In base 3, what is 2 + -1221121112?
-1221121110
In base 8, what is 251 + 2000?
2251
In base 5, what is 12134030 + 14?
12134044
In base 15, what is -8 - -56a8b?
56a83
In base 15, what is 24d + 57?
2a5
In base 10, what is -8 - -5324?
5316
In base 7, what is -212 + -424?
-636
In base 11, what is 18801 + -40?
18771
In base 16, what is -616 - -d?
-609
In base 3, what is -102202000 - 20?
-102202020
In base 16, what is -2b - -bf7?
bcc
In base 16, what is 7f2 - -2c9?
abb
In base 5, what is 2221434 + 0?
2221434
In base 5, what 